449 a composite number?
True
Is 6660859 a prime number?
True
Is 5938531 prime?
False
Is 1184581 a prime number?
False
Is 1553973 a prime number?
False
Is 63268097 a composite number?
True
Is 2392249 a prime number?
True
Is 5514709 composite?
False
Is 24657797 a composite number?
True
Is 171919298 a prime number?
False
Is 16444339 prime?
True
Is 12682973 a composite number?
True
Is 384727173 a composite number?
True
Is 3407647 a composite number?
False
Is 277157723 a composite number?
True
Is 5775917 a prime number?
False
Is 92079137 a composite number?
False
Is 6579355 a composite number?
True
Is 7957721 composite?
False
Is 216343 composite?
True
Is 23401081 composite?
True
Is 66819737 prime?
True
Is 891287 a composite number?
False
Is 27641279 prime?
False
Is 59914397 composite?
True
Is 495701 a prime number?
True
Is 1985041 a composite number?
False
Is 4148483 a composite number?
False
Is 87767 prime?
True
Is 2896489 prime?
False
Is 152743055 prime?
False
Is 3895303 a composite number?
True
Is 433421 prime?
True
Is 1444543 a composite number?
False
Is 46902767 prime?
False
Is 13851757 a composite number?
True
Is 2540365 composite?
True
Is 10540393 prime?
False
Is 4752697 prime?
False
Is 68090119 composite?
False
Is 25273 prime?
False
Is 2316421 a prime number?
True
Is 19348789 prime?
False
Is 25628059 prime?
False
Is 414736897 a prime number?
False
Is 21030871 prime?
False
Is 8741657 composite?
True
Is 6583469 composite?
False
Is 1751773 prime?
True
Is 13388293 a prime number?
False
Is 49205659 prime?
True
Is 171482926 prime?
False
Is 2534941 a composite number?
False
Is 4096319 composite?
False
Is 67311287 a prime number?
True
Is 44125283 a composite number?
False
Is 2821993 composite?
True
Is 10494907 composite?
True
Is 1186453 prime?
False
Is 158858113 a prime number?
True
Is 22811357 composite?
False
Is 1124951 a prime number?
True
Is 3779779 a composite number?
False
Is 13669358 composite?
True
Is 650629033 prime?
False
Is 52254001 composite?
False
Is 1221217 a composite number?
True
Is 3199667 a prime number?
False
Is 72014198 a prime number?
False
Is 204783899 prime?
True
Is 28471337 prime?
True
Is 236127883 prime?
True
Is 243953 a prime number?
True
Is 612583549 a prime number?
True
Is 28626599 a prime number?
True
Is 81373867 composite?
True
Is 410172913 composite?
True
Is 8403101 a composite number?
True
Is 42973537 composite?
True
Is 99718561 prime?
True
Is 7949762 prime?
False
Is 3411829 a prime number?
False
Is 83360071 prime?
True
Is 85277971 a composite number?
True
Is 28301219 a composite number?
True
Is 187714519 composite?
False
Is 13277491 a composite number?
True
Is 5563801 a prime number?
False
Is 1144415 composite?
True
Is 2394439 a composite number?
True
Is 28875211 a prime number?
False
Is 19318037 prime?
True
Is 85316893 a prime number?
True
Is 7423153 a composite number?
False
Is 8457821 prime?
False
Is 141428783 prime?
True
Is 1725469741 a composite number?
False
Is 3926707 a composite number?
False
Is 9916243 a prime number?
False
Is 4017561 a prime number?
False
Is 6954601 composite?
True
Is 80090119 a composite number?
True
Is 171973 a composite number?
True
Is 967139 composite?
False
Is 1168135753 a prime number?
False
Is 7801593 a prime number?
False
Is 10387919 prime?
True
Is 2804993 prime?
True
Is 14407439 a prime number?
True
Is 723809 a prime number?
False
Is 1276601 prime?
False
Is 26256479 a prime number?
True
Is 8114273 composite?
True
Is 462221 a composite number?
False
Is 522373063 composite?
False
Is 361967483 prime?
True
Is 19513421 composite?
False
Is 77899483 prime?
True
Is 1769714 composite?
True
Is 44644901 a prime number?
False
Is 2250089 a composite number?
False
Is 14888794 a composite number?
True
Is 1203067 prime?
True
Is 26093027 a composite number?
False
Is 158427979 composite?
True
Is 22542823 composite?
True
Is 1778299 prime?
True
Is 51242339 a composite number?
False
Is 48813023 prime?
False
Is 3277039 a prime number?
False
Is 5725543 a prime number?
True
Is 4418431 a prime number?
False
Is 91919563 composite?
False
Is 44015977 a prime number?
False
Is 107515183 a composite number?
True
Is 42853661 prime?
True
Is 149959811 composite?
False
Is 15140713 composite?
True
Is 15003181 a composite number?
True
Is 34215967 a composite number?
False
Is 245153933 composite?
False
Is 21241927 a composite number?
True
Is 104032409 prime?
False
Is 1012369 a composite number?
False
Is 2827369 a composite number?
False
Is 144415709 prime?
True
Is 68600711 a composite number?
False
Is 73517 prime?
True
Is 199119 a prime number?
False
Is 2613367 composite?
True
Is 6037271 a prime number?
True
Is 46218797 prime?
True
Is 21044117 a composite number?
False
Is 21152461 composite?
True
Is 17787529 composite?
False
Is 3739573 a composite number?
False
Is 156217 a prime number?
True
Is 12941731 a prime number?
False
Is 1714961 prime?
False
Is 507935501 composite?
False
Is 19787549 a prime number?
True
Is 43905061 a prime number?
True
Is 14015311 prime?
False
Is 8567161 a composite number?
False
Is 1107367 a composite number?
True
Is 5632303 a prime number?
False
Is 8899487 composite?
True
Is 296444957 a composite number?
True
Is 4855801 a prime number?
True
Is 2410669 a composite number?
True
Is 106391 a prime number?
True
Is 167597 a prime number?
True
Is 177980651 a prime number?
True
Is 37242958 composite?
True
Is 303469817 a prime number?
False
Is 69719943 a prime number?
False
Is 1630969 composite?
True
Is 258463757 a composite number?
True
Is 4246913 composite?
True
Is 2921871 a composite number?
True
Is 303029 composite?
False
Is 21694949 composite?
True
Is 1741279 composite?
True
Is 2614303 prime?
True
Is 45919583 a composite number?
False
Is 246115 a composite number?
True
Is 9098741 a composite number?
False
Is 3603989 a prime number?
True
Is 7164887 a prime number?
True
Is 65572709 a prime number?
False
Is 2118271 a composite number?
True
Is 15164993 a composite number?
False
Is 1548061 a prime number?
False
Is 484176467 a composite number?
True
Is 1494473 composite?
False
Is 76256623 a composite number?
False
Is 120265811 a prime number?
True
Is 177708301 composite?
False
Is 6332723 composite?
False
Is 26829371 composite?
False
Is 14142283 a prime number?
False
Is 187349165 composite?
True
Is 135686567 composite?
False
Is 2084479 a prime number?
True
Is 18961009 a composite number?
False
Is 22409 a composite number?
False
Is 410314323 a composite number?
True
Is 619043 prime?
False
Is 2081029 a prime number?
True
Is 913033 a composite number?
True
Is 12359251 composite?
True
Is 11554159 a prime number?
False
Is 702668719 a composite number?
True
Is 5374507 prime?
True
Is 176941 a composite number?
True
Is 15778559 prime?
True
Is 1895937 a composite number?
True
Is 21043507 composite?
True
Is 90423913 a prime number?
True
Is 350887451 composite?
False
Is 481751 a composite number?
False
Is 12268603 prime?
False
Is 39354553 prime?
False
Is 3527611 a composite number?
False
Is 8933411 a prime number?
False
Is 5372929 a composite number?
False
Is 16223377 composite?
True
Is 295980239 prime?
True
Is 608417 a composite number?
True
Is 274349 a composite number?
False
Is 87876727 prime?
True
Is 13738823 prime?
False
Is 1771517 a prime number?
False
Is 1354559 a composite number?
True
Is 144135557 a prime number?
True
Is 320960449 a composite number?
True
Is 50889655 a composite number?
True
Is 56519 a prime number?
True
Is 51914557 a composite number?
False
Is 8315735 a composite number?
True
Is 344907865 composite?
True
Is 3419797 a prime number?
False
Is 48774889 prime?
False
Is 974174237 a prime number?
False
Is 1226831 a composite number?
False
Is 104746871 a prime number?
True
Is 473824363 a prime number?
True
Is 68246239 a composite number?
False
Is 42134309 a prime number?
False
Is 3010939 composite?
False
Is 600598 prime?
False
Is 7518533 prime?
False
Is 17348179 a prime number?
True
Is 14341445 composite?
True
Is 4577395 composite?
True
Is 7056121 a composite number?
False
Is 242552521 composite?
False
Is 1688363 a composite number?
False
Is 12567433 prime?
True
Is 9715157 a prime number?
True
Is 149263693 a prime number?
True
Is 1336091 composite?
False
Is 26034863 a prime number?
False
Is